 181 = -j*i. What is the remainder when z is divided by 6?
4
Let b = -4127 - -4131. Let s(z) = z**3 + 24*z**2 - 28*z - 56. What is the remainder when s(-25) is divided by b?
3
Let a(d) = -d**2 - 26*d - 20. Suppose -h = -2*p - 34, 4*h + 11 = p + 42. Let v = p - -29. What is the remainder when v is divided by a(-25)?
4
Suppose -36*m + 2*m + 5858 = 24*m. Calculate the remainder when 324 is divided by m.
21
Suppose -29*r + 643 = -74*r + 27283. Calculate the remainder when r is divided by 227.
138
Suppose 105 = -96*x + 64*x + 47*x. What is the remainder when 2154 is divided by x?
5
Let h = -106 + 114. What is the remainder when (-8096)/(-64) - (-1)/(-2) is divided by h?
6
Let u = -129 + 133. Suppose -44 = -2*w - u*g + 68, 4*g - 12 = 0. What is the remainder when 149 is divided by w?
49
Let x(n) = 2*n**3 + 14*n**2 + 7*n - 14. Let l be x(-6). Suppose -12 = 4*q - l. Suppose 0 = 5*h, 3*h - q = -i + 4. What is the remainder when 34 is divided by i?
4
Suppose 0 = -4*o - 0*o + 6888. Suppose -6*b = -o - 216. Suppose b = 5*p + 33. What is the remainder when p is divided by 12?
10
Let c(f) be the third derivative of 1/20*f**5 + 0*f + 0 - 24*f**2 - 2*f**3 - 1/3*f**4. Calculate the remainder when c(-6) is divided by 37.
33
Suppose -663 = 12*h + 2829. Let p = h - -307. Calculate the remainder when p is divided by 10.
6
Suppose -37*o + 446 = 4*j - 31*o, -2*o = -4*j + 406. What is the remainder when j is divided by 27?
23
Suppose 2*b = u + 40, -b + 41 = 5*u - 1. Let c(p) be the third derivative of -3*p**4/8 + 43*p**3/6 + p**2 - 4. What is the remainder when b is divided by c(4)?
1
Calculate the remainder when 150 + 12/(-30) + 22/5 + -1 is divided by 49.
6
Let b = 177 + -135. Suppose b = -24*q + 882. Calculate the remainder when 67 is divided by q.
32
Suppose 0 = -5*b + 5*k + 830, 724 + 118 = 5*b - 2*k. Suppose 806 = 36*g - 454. Calculate the remainder when b is divided by g.
30
Let c(d) = -424*d + 919. What is the remainder when c(-2) is divided by 29?
27
Let r(z) = -2*z**3 - 30*z**2 - 31*z - 18. Let m = 682 + -696. Suppose 0 = p - 5 - 41. Calculate the remainder when p is divided by r(m).
22
Suppose 2*o - o = 80. Let r = -132 - 33. Let l = -148 - r. Calculate the remainder when o is divided by l.
12
Suppose -4*g + q - 31 = 0, 3*g - 3*q = -4*q - 32. Let b be (0 + 6/g)*6/2. Calculate the remainder when 52 is divided by (b/8)/(-1) - (-71)/4.
16
Let m(h) = 472*h - 358. What is the remainder when m(1) is divided by 91?
23
Let j = -27 - -18. Let l(c) = -3*c. Calculate the remainder when (14 + -8)*(-5)/(-30)*7 - -98 is divided by l(j).
24
Suppose 2*b - 5*y = 59, b - 30 = 5*y - 8. Calculate the remainder when 179 + 0 + (-9 - (4 + -13)) is divided by b.
31
Suppose 65*o - 2019 = 797 + 369. What is the remainder when 142 is divided by o?
44
Let f = 6 - -5. Suppose -22*i + 21*i = -f. Let w = -8 - -40. What is the remainder when w is divided by i?
10
Let v = 12 - -51. Suppose -22*c - 1046 = -1442. Calculate the remainder when v is divided by c.
9
Let y(m) = 2*m**2 - 17*m + 14. Let b be y(8). Suppose -226 = -b*q + 2. What is the remainder when q is divided by 11?
5
Suppose 3 = 3*p - 5*v, -32 = 5*p + v - 9. What is the remainder when (5/(-1) - p)*(3 - 16) is divided by 6?
1
Let t = -1704 - -1714. What is the remainder when 100 is divided by t?
0
Calculate the remainder when (58/(-2))/(-1*5/15) is divided by (18 + (8 - 4) + -12)/2.
2
Calculate the remainder when 773 is divided by (144/(-336))/(12/(-182))*(41 - 1).
253
Let p = 658 + -656. Suppose -309 = -p*j + 83. What is the remainder when j is divided by 63?
7
Suppose 5*n + 4*h = n + 76, -n + 19 = 3*h. Let c = n + 16. Suppose 4*j + 13 = 61. What is the remainder when c is divided by j?
11
Suppose 4*a = 3*z - 121 + 12, -144 = 4*a + 4*z. What is the remainder when a + 36 - (-83 - -2) is divided by 15?
11
Suppose 2 = 7*i - 6*i. What is the remainder when -8 - -5 - (-168 - (i - 5)) is divided by 15?
12
Let a(p) = -14*p**3 - p**2 - 3*p - 2. Suppose -2*j = -0*j + 2. Let k be a(j). Let n = k + 4. What is the remainder when 53 is divided by n?
17
Let h be 6170/(-70) - 2/(-14). Let i = 106 + h. Let s = -16 + 141. What is the remainder when s is divided by i?
17
Let y = 130 + -130. Suppose m + m + s - 60 = y, -4*m + 108 = 5*s. What is the remainder when m is divided by 17?
15
Let l(j) = -j**3 + 114*j**2 - 331*j - 102. Calculate the remainder when l(111) is divided by 3.
0
Let a be -129 - -134 - (0 - (85 + 1)). Suppose a - 211 = -2*h. Calculate the remainder when 599 is divided by h.
59
What is the remainder when 1360 is divided by (2*(-5)/(-30))/(8/10872)?
1
Let f(d) = -d**2 - 11*d - 23. Let v be f(-8). Suppose -13*k = -12*k - v. Calculate the remainder when (-96)/10*k*-10 is divided by 9.
6
Let u = -6 + 6. Suppose u = 2*f + f - 4*m - 132, 4*m = 4*f - 176. Suppose -16*t + 3505 = 36*t - 5543. What is the remainder when t is divided by f?
42
Let c = -22 + 38. Let x(f) = 16*f - 1. Let s(m) = 94*m + 11. Let v(a) = -s(a) + 6*x(a). Calculate the remainder when v(c) is divided by 6.
3
Let b = -5 - -3. Let l = 1172 + -1154. Calculate the remainder when (0 - 366)*b/6 is divided by l.
14
Suppose -4*t - 4 = -5*g + 579, g + 2*t - 125 = 0. What is the remainder when 128 is divided by g?
9
Suppose 15 = -3*m, 7*t - 50 = 2*t + 5*m. Suppose 3*k + 0*k = -3*x + 153, t*x + 4*k = 254. Calculate the remainder when 199 is divided by x.
49
Suppose 56 = 16*r - 2*r. Let c(z) = -z + 45. What is the remainder when c(r) is divided by 12 + (-2)/1 + 4?
13
Suppose 48*b + 13455 = -17*b. Let k = b + 241. Suppose 5*d = 20 + 15. Calculate the remainder when k is divided by d.
6
Let x(a) = -a**3 - 14*a**2 - 98*a + 6. Calculate the remainder when x(-7) is divided by 87.
1
Suppose 32*k = 22*k - 1960. Let j = 211 + k. Calculate the remainder when j is divided by 7.
1
Let l = 6616 - 5660. What is the remainder when l is divided by 15?
11
Let m = 29 - 1. Let o = 437 + -303. What is the remainder when o is divided by m?
22
Suppose -2 + 35 = 3*l - q, -2*l + 36 = 4*q. What is the remainder when ((-1299)/5 - 3)/((-14)/35) is divided by l?
9
Let g = 6641 + -6554. What is the remainder when 107 is divided by g?
20
Calculate the remainder when (-72)/56*-7 + 191 is divided by 48.
8
Suppose -4*t - 18 = -62. Let v = 26 - 11. Suppose 18*q - v*q = 57. What is the remainder when q is divided by t?
8
Let h(s) = 11*s**2 - 50*s - 7. Let r be h(6). Let t = -46 + r. Calculate the remainder when 99 is divided by t.
13
Let q(h) = -h**3 - 7*h**2 - 13*h + 25. What is the remainder when q(-6) is divided by 25?
17
Let g(u) = 9*u**2 + 2*u - 4. Calculate the remainder when g(3) is divided by 30/(-75) + 308/70.
3
Let s = 147 + -64. Suppose -y + s = 17. Calculate the remainder when y is divided by 18.
12
Let g(q) = -26*q - 4. Let j be g(-16). Suppose 8*r - 524 + j = 0. What is the remainder when 149 is divided by r?
9
Suppose 12 = 2*b, 4*b - 14580 = -6*n + 2*n. What is the remainder when n is divided by 1209?
12
Let o = 10 + 17. Suppose 2*h = 2*a - 28, 0 = -2*a + 3*a - 4*h + 1. Suppose -320 = 15*w - a*w. Calculate the remainder when w is divided by o.
26
Suppose -7*j = -37 - 26. Suppose -23 = -j*q + 22. Suppose a = 4*i + 5*a - 116, q*i - 154 = -2*a. Calculate the remainder when i is divided by 18.
14
Suppose -8*u + 48 = 64. Calculate the remainder when (u/(-8)*-6)/(21/(-7546)) is divided by 27.
26
Let b(m) = m**2 + 2*m + 3. Let p be b(-3). Suppose -100 = p*f - 2*f. Let l = f + 40. What is the remainder when 56 is divided by l?
11
Let f = -336 + 316. What is the remainder when ((-8)/f)/(6/930) is divided by 11?
7
Suppose 0 = 5*y - 260 - 325. Calculate the remainder when 189 is divided by (y/(-15) + 3)/(2/(-5)).
9
Let u = 22642 + -22429. What is the remainder when 699 is divided by u?
60
Let i(c) = -c**2 + 26*c + 30. Let x be i(21). Let r = 152 - x. Let z(w) = 3*w - 7. What is the remainder when r is divided by z(6)?
6
Suppose -114*d - 1176 + 5081 = -1795. Calculate the remainder when 1416 is divided by d.
16
Let k(q) = 56*q + 79. Let u(w) = -168*w - 237. Let h(r) = 11*k(r) + 4*u(r). Calculate the remainder when h(-2) is divided by 17.
16
Calculate the remainder when -11 + 0 + 4551 + -68 is divided by 9.
8
Let d = 48 + -60. Let t be d + -13 - 10/2. Calculate the remainder when 138 is divided by (-5 + -